mmon divisor of x and 13.
13
Let q(y) = -3*y**2. Let m be q(4). Let f be 7/(28/m)*-1. Let j be (-20)/(-40)*(-48)/(-2). Calculate the highest common factor of f and j.
12
Suppose -129 = -3*h - 3*k, -3*h + 72 = 5*k - 67. Suppose 2*y - 86 = 370. Let a be ((-1)/2)/((-2)/y). What is the highest common divisor of a and h?
19
Let i(a) = 3*a + 2. Suppose 4*x = 6*x - 8. Let t be i(x). Let d be -1*(-110)/5 + (2 - 3). Calculate the greatest common divisor of t and d.
7
Let f(a) = -5*a - 10. Let g be f(-3). Let i = 32 - 10. Let x be (-94)/(-18) + i/(-99). What is the highest common divisor of g and x?
5
Suppose -5*x - 170 + 335 = 0. What is the greatest common factor of x and 297?
33
Let n(p) = 55*p**2. Let a be n(-1). Let l = -27 + a. What is the greatest common divisor of 7 and l?
7
Let k = -30 + 29. Let o = 3 + k. Calculate the highest common factor of o and 2.
2
Let f be (-2)/(8/30)*(-162 - -154). Calculate the highest common divisor of 15 and f.
15
Let k = 61 + -37. Suppose -2*i + 27 = 3*c, -3*i + 5*c + 0*c - 7 = 0. Let z be ((-162)/15)/(i/(-20)). What is the highest common divisor of k and z?
12
Let f be 1 + -4 - (8 + -26). Suppose -12*a = -f*a. Suppose a*p + 56 = 7*p. What is the greatest common factor of p and 16?
8
Let c = 460 - 200. Calculate the highest common factor of 52 and c.
52
Let b(k) = -3*k**3 - 12*k**2 - 12*k + 2. Let u be b(-3). Suppose 3*w + 49 = 2*a - 55, -3*w = -5*a + 269. Calculate the greatest common divisor of a and u.
11
Suppose x - 2116 + 1988 = 0. Calculate the highest common divisor of 112 and x.
16
Suppose z = 6*z - 30. Suppose -147 = -2*c - 3*i, 12*c + i - 137 = 10*c. What is the greatest common divisor of c and z?
6
Let s(u) be the first derivative of -u**4/4 - u**3 + 3*u**2/2 + 17*u + 29. Let x be s(-5). What is the greatest common factor of 65 and x?
13
Let w(k) = -k. Let g(q) = q**3 - 7*q**2 + 7*q + 12. Let f(j) = -g(j) - 4*w(j). Let o be f(5). Calculate the highest common factor of 115 and o.
23
Let s be (-3 - -6)/(9/(-12) - -1). What is the greatest common divisor of s and 3?
3
Let b = 404 + -188. What is the highest common divisor of 27 and b?
27
Let w = 131 - 123. What is the greatest common factor of 32 and w?
8
Let r(n) = -4*n**3 + 23*n**2 - 14*n + 13. Let p be r(5). What is the highest common factor of 477 and p?
9
Let d = 2 + 0. Suppose d*u + 2*u = 64. Let x = u - 12. Calculate the greatest common divisor of x and 44.
4
Let x(i) = 3*i**2 + 9*i - 1. Let t = -89 + 85. Let o be x(t). Calculate the highest common divisor of 66 and o.
11
Suppose -v = 3*v - 84. Let c = 21 + 168. Calculate the highest common factor of v and c.
21
Suppose -3*g + 4 = -5. Let o be -17*1 + 13 + -10. Let d be o/(-4) + (-6)/12. Calculate the greatest common factor of g and d.
3
Let p(l) = -9*l - 9. Let i(s) = -4*s - 4. Let o(z) = 7*i(z) - 3*p(z). Let r be o(-13). Calculate the greatest common factor of 18 and r.
6
Let z be (9/((-18)/(-76)))/(1*2). Let l = z + -16. Suppose 3*n + x = n + 3, -3*n - 5*x - 6 = 0. What is the highest common divisor of l and n?
3
Let x = 977 + -973. What is the highest common divisor of 252 and x?
4
Let g = 1475 + -761. Calculate the greatest common factor of g and 306.
102
Suppose -298*l + 295*l - 3*o = -1545, -4*l = 2*o - 2056. Calculate the greatest common divisor of 108 and l.
27
Let j(l) = l**2 - 17*l - 183. Let y be j(-9). Suppose 2*u - 130 = -0*u + 2*q, u - 2*q - 62 = 0. Calculate the highest common factor of u and y.
17
Suppose 2150*j = 2149*j + 22. Calculate the greatest common factor of 429 and j.
11
Let q(i) be the third derivative of -i**4/8 - 3*i**3/2 - 9*i**2. Let y be q(-10). What is the highest common divisor of 189 and y?
21
Let t be (12/(-15))/(2/(-15)). Suppose -11*c + 48 = -7*c. Calculate the greatest common factor of t and c.
6
Let o = 75 + -15. Suppose 2*g - 3*g + 12 = 0. Calculate the highest common factor of g and o.
12
Let c be 21/(380/(-55) - -7). Calculate the highest common factor of c and 42.
21
Suppose 11 = -3*g + 56. Let n = g + 12. What is the highest common divisor of n and 54?
27
Let y be (-105)/(-14)*4/6. Let c(b) = -b**2 + 27*b - 25. Let i be c(25). Calculate the highest common divisor of y and i.
5
Let z(s) = -10*s + 67. Let b be z(6). Suppose 11*k - 36 = -b*k. Calculate the highest common divisor of 26 and k.
2
Suppose -2*z = -2*m - 18, 3*m - 13 = -5*z - 8. What is the highest common factor of z and 37?
1
Let z(g) = 12*g**2 + 2*g - 1. Let l be z(-1). Calculate the greatest common factor of l and 72.
9
Suppose -905 = -8*l + 95. Let t(r) = 14*r - 3. Let n be t(2). What is the greatest common divisor of n and l?
25
Let v be ((-27)/6)/(14/4 - 4). Calculate the highest common factor of 18 and v.
9
Let p be (-49 + (-4 - -1))/(2/(-1)). Calculate the greatest common factor of p and 65.
13
Suppose s = u + 7, 4*s - 25 = -s + 3*u. Let h be (5 - 93/15)/((-2)/5). What is the highest common divisor of s and h?
1
Let t be (-21)/(-12) - 1419/(-44). What is the highest common divisor of 1717 and t?
17
Let y = -23 + 21. Let d = 3 + y. Let c be 620/16 - d/(-4). What is the highest common factor of c and 13?
13
Suppose -3*k + 129 = 5*y - 23, -k - 80 = -3*y. Calculate the highest common factor of 112 and y.
28
Suppose 4*n = 0, 58 = -5*o + 2*n + 378. Let m(t) = 0*t + 0*t - t + 3*t - 12. Let k be m(10). Calculate the highest common factor of o and k.
8
Suppose v + v = -2*h - 336, -h - 852 = 5*v. Let m = 347 + v. What is the highest common factor of m and 22?
22
Let u = 397 + -265. What is the highest common divisor of u and 33?
33
Suppose -5*y = 7 + 18. Let f be (-4 + (-3 - 1))*y. Calculate the highest common divisor of 8 and f.
8
Let u be (-18 + 19)*(-1 - -70). What is the greatest common factor of u and 23?
23
Let y = 54 - 49. Let u be (-1)/((-989)/(-198) - y). Calculate the highest common divisor of u and 18.
18
Let u(g) = -g**3 - 8*g**2 + 2. Let f be u(-8). Suppose 7*o = f*o + 40. Calculate the greatest common factor of 56 and o.
8
Let n = 5451 + -5439. Suppose d = 2*o + 24, -3*o - o = 16. What is the highest common divisor of d and n?
4
Let c be -4*(21/(-4))/(-3). Let r = -10 - c. Let j(l) = -89*l - 6. Let v be j(r). What is the greatest common factor of 29 and v?
29
Let c = 278 + -271. Calculate the highest common factor of 203 and c.
7
Suppose 0 = -4*s - s + 625. Let d be 2/7 - (-11)/((-77)/(-348)). Calculate the highest common factor of s and d.
25
Let w be (1 - 0)*-7 - -71. Suppose 0 = 4*t + 5*b - 27, -4*b - 15 = -5*t + 29. Calculate the highest common divisor of w and t.
8
Let g = -112 - -159. Let b = 69 - g. Calculate the highest common factor of b and 88.
22
Suppose -20*j = -17*j - 66. Let q = 7 + -8. Let a be ((-400)/q)/2 + -2. What is the highest common factor of a and j?
22
Let t(c) = 2*c**2 - 22*c + 39. Let b be t(9). Calculate the greatest common divisor of b and 3.
3
Suppose 0 = -2*j - 0*j + r + 11, 3*r = 4*j - 25. Suppose 4*d - j*o - 24 = 3*d, -24 = -d - 2*o. What is the greatest common factor of 6 and d?
6
Let o(h) = -2*h - 31. Let a be o(-18). Suppose 3*i - a*i = -48. What is the highest common factor of 60 and i?
12
Suppose -9*a + 161 = 8. Suppose 0 = -a*l - 0*l + 5712. Calculate the greatest common factor of 48 and l.
48
Suppose 5*q = -d + 44, -3*d = -q - 4*d + 12. Suppose r - 3*p = -4 - 4, 5*r = -4*p + 36. What is the greatest common factor of r and q?
4
Let r = 783 + -699. What is the highest common divisor of 108 and r?
12
Suppose 0 = -128*w + 8*w + 46200. Calculate the greatest common divisor of 77 and w.
77
Suppose 2*h - 26 + 103 = -3*u, 0 = -4*u + 3*h - 80. Let l = -11 - u. Calculate the highest common factor of 6 and l.
6
Let v be (-4)/(-20) - (-428)/10. Let i = 27 + v. Calculate the greatest common factor of i and 20.
10
Let s = 320 - 267. What is the greatest common factor of s and 1?
1
Let g(n) = 2*n - 1. Let r be g(2). Suppose 0*y - 2*x + 95 = -r*y, -3*y - x = 83. Let l = -20 - y. What is the greatest common divisor of l and 1?
1
Let y(s) be the second derivative of 2*s - 1/6*s**3 + 0 + 4*s**2. Let m be y(-8). What is the greatest common divisor of 4 and m?
4
Let u(l) = 2*l**2 + 32*l + 58. Let w be u(-21). Calculate the greatest common factor of 2 and w.
2
Let k = 24 + -13. Suppose -3*x + 4*x = k. Suppose 3*f - 1 = -5*m + 139, -4*f = 2*m - 210. Calculate the gr